 19a689a + -4?
19a6896
In base 8, what is 7677 + -44107?
-34210
In base 4, what is 0 + 12220002013?
12220002013
In base 4, what is 311331 + 12031?
330022
In base 9, what is 776 - -478134?
480021
In base 4, what is 110201 - -101012022?
101122223
In base 11, what is -322 - a98?
-130a
In base 5, what is 3202 - 410422123?
-410413421
In base 8, what is -65 - -123442?
123355
In base 7, what is -260 + -1035040?
-1035330
In base 15, what is -66 + b3106?
b3090
In base 10, what is 147063 - 5219?
141844
In base 14, what is -3761 - 335?
-3a96
In base 12, what is -111 - -1987280?
198716b
In base 2, what is 11101110001 + 10011110110101000?
10100010100011001
In base 16, what is -2f89f6a - 2?
-2f89f6c
In base 8, what is 102024 + 10363?
112407
In base 5, what is -12141043 - -2302?
-12133241
In base 16, what is -1 + -1709ff6?
-1709ff7
In base 14, what is -15 - 309712?
-309727
In base 5, what is -10 + -3124233110?
-3124233120
In base 12, what is 16374 - -584?
16938
In base 6, what is 54043 - -501?
54544
In base 14, what is 28b - 1a01?
-1754
In base 9, what is -73622 + 163?
-73448
In base 4, what is -11 + 20131101120?
20131101103
In base 16, what is 2602d - 91?
25f9c
In base 16, what is 1610a + d1?
161db
In base 2, what is -10000111010011101000000011001 + 0?
-10000111010011101000000011001
In base 3, what is -1 + -1122200211010?
-1122200211011
In base 5, what is 1142042134 - 0?
1142042134
In base 8, what is -743 - 2603436?
-2604401
In base 15, what is -6 - ca2b28?
-ca2b2e
In base 10, what is -302979 + -21?
-303000
In base 6, what is 134321 - -230?
134551
In base 2, what is 1001100111101010101 + -1100011?
1001100111011110010
In base 6, what is -1114 + -1500421?
-1501535
In base 14, what is -29b60 - 43?
-29ba3
In base 14, what is 5 + 2cdac?
2cdb3
In base 10, what is 3180095 + -6?
3180089
In base 9, what is 1861802 - -7?
1861810
In base 9, what is -5 + -138688786?
-138688802
In base 3, what is -12211 + 11202102022?
11202012111
In base 9, what is 3563314 - -28?
3563343
In base 14, what is -708 - -39d?
-349
In base 5, what is -223 + -1233321?
-1234044
In base 15, what is -1b2 - -4aab?
48e9
In base 16, what is -141855 + -ee?
-141943
In base 6, what is 5120 - 41140?
-32020
In base 7, what is -426 + -14434405?
-14435134
In base 2, what is -10110100000101100101011 + 101?
-10110100000101100100110
In base 6, what is -4553224 - 5?
-4553233
In base 11, what is -50322130 + 1?
-5032212a
In base 9, what is 5813 + 3148?
10062
In base 6, what is 1 - 121102504?
-121102503
In base 15, what is -399 + 2d38?
298e
In base 13, what is 1 + cb798c?
cb7990
In base 3, what is -21022210 + 101001?
-20221202
In base 11, what is -20084 - 101?
-20185
In base 3, what is -1012112121 - 21202?
-1012211100
In base 4, what is -23032000123 + -20?
-23032000203
In base 5, what is -41341214 - 12134?
-41403403
In base 4, what is 22221 + 220122002?
220210223
In base 11, what is 40 - 97a03?
-97973
In base 7, what is 6266 - -6144?
15443
In base 4, what is 21201213110 - -1303?
21201221013
In base 13, what is 26 + -4336cc0?
-4336c97
In base 9, what is -2425505 - -756?
-2424638
In base 10, what is 14 - 332091?
-332077
In base 4, what is 1 - 21311112013203?
-21311112013202
In base 3, what is 0 + 111021100020221111?
111021100020221111
In base 7, what is 20063344 - 116?
20063225
In base 2, what is 10010010 + 10000011010010001011100?
10000011010010011101110
In base 9, what is -18 - -5547752?
5547733
In base 10, what is 827365495 + -1?
827365494
In base 3, what is -1112102210 + -222020?
-1120102000
In base 9, what is 14524 - -6?
14531
In base 16, what is 3904b2 - -2?
3904b4
In base 5, what is 42320343 + 312?
42321210
In base 11, what is 49 - 19401?
-19363
In base 4, what is 20313031 + 1030?
20320121
In base 6, what is 1 + 1251311003?
1251311004
In base 7, what is 555 - 1261453?
-1260565
In base 8, what is 544175 + 13?
544210
In base 10, what is -12819 - -46?
-12773
In base 5, what is -42 - 31440330214?
-31440330311
In base 8, what is 2747 + -11675?
-6726
In base 6, what is 4 - 322531230?
-322531222
In base 12, what is 6 + 818a4b3?
818a4b9
In base 8, what is -2112713 - -27?
-2112664
In base 12, what is -5 - -b112687?
b112682
In base 11, what is 108 + 45938?
45a45
In base 13, what is -2 + -16a9116?
-16a9118
In base 2, what is 1001111 - -1010111010111101111101?
1010111010111111001100
In base 14, what is -da2 - d09c?
-10060
In base 7, what is 41504 - 13361?
25113
In base 6, what is -255355 + -5030?
-304425
In base 14, what is 1b957a3 - -4?
1b957a7
In base 12, what is -806 + -36?
-840
In base 4, what is -1 + 11230123030223?
11230123030222
In base 15, what is -50d4 - -47d?
-4b56
In base 10, what is 0 - 1792583?
-1792583
In base 8, what is -4 - -12140660?
12140654
In base 10, what is -192643 + -92?
-192735
In base 3, what is 12 + -21020212201020122?
-21020212201020110
In base 9, what is -101864134 - 0?
-101864134
In base 4, what is -113003122 - -13?
-113003103
In base 12, what is -407753b - -1?
-407753a
In base 12, what is 11 - -1683bb?
168410
In base 2, what is 11 + 10101001111110100111101010?
10101001111110100111101101
In base 4, what is -30321230 + 100030?
-30221200
In base 4, what is -11 - -22310033003?
22310032332
In base 8, what is 16565 + 1354?
20141
In base 3, what is 202 - 20000001211?
-20000001002
In base 4, what is 320332212100 - 22?
320332212012
In base 2, what is -110000000 - -11010110011111000100?
11010110011001000100
In base 7, what is 24601 + -3122?
21446
In base 5, what is 32 + -11212223?
-11212141
In base 4, what is -1030031332 - 21302?
-1030113300
In base 15, what is 28450d18 - 4?
28450d14
In base 12, what is 2745a0 + -8?
274594
In base 5, what is -122210 - 3333?
-131043
In base 5, what is -134 - -144020230?
144020041
In base 3, what is 11111112 - -22102010102?
22120121221
In base 4, what is -1013 - -2202210023?
2202203010
In base 5, what is -3114042234 - -1013?
-3114041221
In base 13, what is -13 + b3428?
b3415
In base 2, what is -110000010011000110011111010 + -100?
-110000010011000110011111110
In base 5, what is 410044 + 141333?
1101432
In base 10, what is -4871 + -1541?
-6412
In base 7, what is 23546 - -3164?
30043
In base 12, what is 3 + 1584906?
1584909
In base 6, what is 445203 + -1215?
443544
In base 2, what is -101001100010 - 11100010110?
-1000101111000
In base 7, what is 31253 - -51211?
112464
In base 11, what is -4199036 + -3?
-4199039
In base 5, what is -200032330022 - 3?
-200032330030
In base 14, what is -1c - -1976282?
1976264
In base 15, what is -4310ae7 + 4?
-4310ae3
In base 9, what is 45540 - 3456?
42073
In base 9, what is 28435 + -884?
27441
In base 10, what is -2329180 - -2?
-2329178
In base 2, what is -11 + 1111101011011110000011?
1111101011011110000000
In base 6, what is 3 + -5555155403?
-5555155400
In base 13, what is 602cb - -3?
60301
In base 8, what is -24055 - 330?
-24405
In base 2, what is 1110110011100 - -11111001100010111?
100001000010110011
In base 13, what is 41 - 9906?
-9895
In base 6, what is -2332043044 + 22?
-2332043022
In base 8, what is 2001 + -322637?
-320636
In base 15, what is 5 + -768bbbc?
-768bbb7
In base 9, what is -1148 - -26287?
25138
In base 13, what is -3 - 1c7cc947?
-1c7cc94a
In base 3, what is -1022100200112020 + 0?
-1022100200112020
In base 2, what is 1010010000011111000111111 - 111?
1010010000011111000111000
In base 15, what is 555d - 2168?
33e5
In base 7, what is 224400 - 3524?
220543
In base 8, what is -25760664 - -6?
-25760656
In base 9, what is -37657303 - -11?
-37657282
In base 9, what is -4 + -10225560?
-10225564
In base 11, what is -413 + -1a5081?
-1a5494
In base 3, what is -2020011 - 220101?
-10010112
In base 12, what is 13a3785 - -8?
13a3791
In base 6, what is -130054 - 2445?
-132543
In base 7, what is -4 + -4345653641?
-4345653645
In base 5, what is -400 - -2244421?
2244021
In base 16, what is -4 + 2c6128?
2c6124
In base 5, what is -1403210 + -2211?
-1410421
In base 14, what is 2a46 + 48d1?
7537
In base 12, what is -53 + -22a981?
-22aa14
In base 2, what is -100001000010011101 - 1101?
-100001000010101010
In base 4, what is -3101 - 11032122?
-11101223
In base 2, what is -11111111111100011100011 - -1000?
-11111111111100011011011
In base 10, what is 3440351 - -33?
3440384
In base 3, what is -111 - 12120020020202?
-12120020021020
In base 16, what is